ber?
True
Is (2068/6)/(4/6) a composite number?
True
Suppose 5*u - 2*u = 333. Is u a prime number?
False
Suppose 10096 = -15*f + 48361. Is f a composite number?
False
Suppose -4*x + 17 = -3*o, -2*x - 2*o + 0*o - 2 = 0. Let c(p) = 24*p**2 + 2*p + 1 - 5*p - 5*p**2. Is c(x) composite?
False
Suppose 0 = -3*p + 2*g + 12 + 1, 2*p + 3 = -g. Let w be (1/1)/(p/31). Suppose -w = -2*x + 15. Is x composite?
False
Let g(w) = 191*w**2 - 2*w + 2. Is g(1) a composite number?
False
Suppose 5*o - 94 = -3*u + 132, u = o - 50. Is o composite?
False
Let g = 7 - 6. Suppose c + g = -0*c. Is (2/6)/(c/(-291)) a composite number?
False
Let f = 1640 - 895. Suppose -3*w + f = 2*w. Is w composite?
False
Suppose -5*q - c = -3*q - 14, 4*q = c + 28. Is q prime?
True
Let c(y) = -y**3 + 9*y**2 - 2*y - 1. Let a = -8 + 14. Is c(a) prime?
False
Let v(s) = -15*s + 38. Is v(-17) a composite number?
False
Let d = 14 + -6. Suppose -3*v - 24 = -3*s, -s + d = 2*v - v. Let n = s + -1. Is n a composite number?
False
Suppose 5*a - f + 5*f = -5539, 2*f + 3323 = -3*a. Let o = -320 - a. Is o prime?
True
Let p = -216 - -430. Suppose -p = -4*q + 862. Is q composite?
False
Let c(h) = -h. Let m = -13 - -9. Let t be c(m). Suppose u + t*p - 356 = -3*u, p = 0. Is u a composite number?
False
Suppose 0 = -4*l + 5*u - 1098, u = l - 4*u + 282. Let h = l - -903. Is h prime?
True
Suppose 0 = p - 3*x + 18, -p + 0*x - x = 6. Is (3/p)/((-2)/18) composite?
False
Let q(s) = s**3 + 9*s**2 + 8*s + 15. Let r be q(-10). Let m = 268 + r. Is m prime?
True
Let w(z) = z + 2. Let t be w(-7). Let y(g) = g + 1. Let l be y(t). Is (-213)/l + (-2)/8 a prime number?
True
Let w(n) = n**2 - 3*n + 3. Let c be w(3). Suppose 58 - 10 = -c*l. Is 282/8 + 4/l a prime number?
False
Let m(w) = w**2 - 5*w + 5. Let i be m(4). Let z be i/(((-15)/(-18))/5). Is 2*(-3)/z - -38 composite?
False
Let h be (-20)/25*(-50)/4. Let c = 9 + h. Is c prime?
True
Let p = -3 - -6. Let l be 2/p - 1276/(-3). Suppose 3*q = -q - 3*i + 856, -i = 2*q - l. Is q a composite number?
False
Let x(s) = -4 + 4*s**2 + 7*s - 1 - 1 + 1. Is x(4) a composite number?
True
Is (-1259)/(-2) + 9/6 a prime number?
True
Let c be 414 + -2*1/(-2). Suppose -5*v - 4*f + 9*f + c = 0, 0 = 4*v + 4*f - 348. Suppose -i = -4*h + v, 84 = 5*h - 2*i - 23. Is h a prime number?
False
Let o = -1137 + 1604. Is o a composite number?
False
Let f be (-10)/(-55) - 2/11. Suppose -254 = -2*a - f*a. Is a prime?
True
Let k(h) = -3*h**3 + 2*h + 1. Let m be k(-1). Suppose -3*c = 1 + m. Is c*(33*17)/(-3) prime?
False
Is 2642/8 - 12/(-16) a composite number?
False
Let r = -576 - -1103. Is r composite?
True
Let c be 0*(-3)/6 - -2. Suppose 0 = c*d - 104 + 34. Is d composite?
True
Let j be (-4)/(3 + (-4 - 1)). Is (j/3)/(8/636) a prime number?
True
Let x = 141 - 82. Is x a composite number?
False
Suppose 0 = -2*f - 2*z + 40, -f + 19 = 5*z - 5. Is f a composite number?
False
Let h be ((-256)/5)/(4/(-120)). Suppose 4*s - 1540 = -0*y + 4*y, 0 = -4*s + 3*y + h. Is s composite?
True
Suppose 0*t + 10 = 2*t. Suppose t*q - 70 - 25 = 5*y, -q + 2*y = -23. Is q prime?
False
Let w(o) = 60*o - 1. Let r = 19 - 12. Suppose 1 - r = -3*q. Is w(q) a composite number?
True
Let t(k) = 18*k**2 - 5*k + 5. Is t(8) a prime number?
True
Let c(l) = 44*l**2 + 2*l + 2. Let q be c(-2). Let x = -116 + q. Let i = 107 - x. Is i a composite number?
True
Suppose m = 6 + 25. Is m composite?
False
Suppose -27 + 207 = 2*q. Suppose q = 2*t - 40. Is t a composite number?
True
Suppose 4*z - 19 = 1. Suppose 16 = 2*a - z*a - 5*f, -4*a + 2*f = -22. Suppose -a*m + m + 18 = 0. Is m a composite number?
True
Is ((-3148)/8)/((-2)/(-4) + -1) prime?
True
Is (211/1)/(5/5) composite?
False
Suppose -2*k + 4*r + 9198 = 0, 4*r = -2*k + k + 4575. Is k a composite number?
False
Suppose 19 = 5*r - 1. Suppose -r*p - 5*h = -31 - 2, 2*p + 21 = 5*h. Suppose -2*j - 25 = -4*c - 103, -p*j = 4*c - 70. Is j prime?
True
Suppose 2*d + 190 = 58. Let b = d + 119. Is b a composite number?
False
Suppose 18652 = 6*b - 6896. Is b a prime number?
False
Suppose -2*z + 6*z + 4 = 2*m, -2*z = -5*m + 2. Let c = z - -10. Is c composite?
True
Suppose -2*n + 658 = 5*k, -n - 2*n - 4*k + 1001 = 0. Is n a prime number?
False
Let b(x) = x**2. Let h be b(-2). Let w = 4 - h. Suppose w = 4*a - a - 117. Is a prime?
False
Let c(f) = -f**3 - f**2 - f + 1. Let a(t) = -14*t**3 - 8*t + 7. Let q(l) = -a(l) + 4*c(l). Is q(2) a prime number?
False
Suppose g - 2 = 3*g + r, 4*r + 8 = -2*g. Suppose 4*p = -g*p + 12. Let q = p - -16. Is q prime?
True
Let x = -4 + 10. Is (0 + -62)/(x/(-15)) composite?
True
Is -1 + (386 - 2)/3 a prime number?
True
Suppose -u = -4 - 2. Suppose -3*m - 954 = -4*g + 2*g, 5*m = 3*g - 1590. Is ((-4)/u)/(4/m) a composite number?
False
Suppose 5*y = 4*f + 9, 2*f + 13 = 4*f + y. Suppose -l - 352 = 4*z + 3*l, -361 = f*z - 5*l. Let i = 126 + z. Is i prime?
True
Suppose -8 = 2*o, -2*u - 2*u = 5*o - 148. Let d = 82 + -61. Let m = u - d. Is m a composite number?
True
Suppose -3 = -3*k, -4*t - 2*k + 4477 - 663 = 0. Is t composite?
False
Suppose 12 = 5*x - 8. Suppose -x*q - 153 = 479. Is q*(-1 - (-2)/4) prime?
True
Let n(l) = -l - 10. Let g be n(-7). Is 297 + g + -2 + 3 a composite number?
True
Is ((-6064)/24)/(2 - 16/6) composite?
False
Suppose 6*g - 2722 = -352. Is g a prime number?
False
Suppose 5*b + 2*z - 16 = 0, -z - 11 = -4*b - 2*z. Suppose 0 = 4*m + 4*k - 916, -k + 26 = -b*m + 496. Is m prime?
True
Let h be 7/(-2)*(-2 + 0). Let s(q) = 2*q**2 + 4*q + 1. Is s(h) a composite number?
False
Let r(a) = a**2 + 6*a + 8. Let v(q) = -q**2 - q + 1. Let o(s) = r(s) - v(s). Is o(-5) a composite number?
True
Let n = -830 - -1507. Is n prime?
True
Suppose 0 = -5*a + 67 - 27. Is 30/(-20)*a/(-6) composite?
False
Let f = -2758 - -3867. Is f composite?
False
Let y(k) = -44*k + 9. Is y(-15) prime?
False
Let x(p) = 175*p**3 - 3*p**2 + 5*p - 1. Is x(2) a prime number?
False
Let d be 4/(-8) + 10/4. Let g be -2 + 1 + (1 - 4). Is (43/d)/(g/(-8)) a prime number?
True
Suppose -o + 21 = n, -2*o = -0*o - 4*n - 36. Suppose -o = f - 6*f. Suppose 8*a - f*a + s = 16, a + s - 7 = 0. Is a a composite number?
False
Suppose 63 = -3*s + 480. Suppose 2*h = -c + s, -c + 145 = 2*h - 2*c. Is h composite?
False
Let c be ((-12)/9)/(1/9). Let m = c + 17. Suppose 0 = 3*g - 5*t - 20, m*g + 5*t - 37 = 23. Is g a prime number?
False
Let v = -41 - -106. Is v prime?
False
Suppose -4*a - 18 - 573 = -5*z, -3*a + 103 = z. Is z a composite number?
True
Let q be (-36)/6*434/(-4). Let o = q + -460. Is o composite?
False
Let y(p) = p**2 - 7*p + 8. Let x be y(6). Let s(l) = 11*l + 6 + 20*l**x - 3*l + 1. Is s(-5) a composite number?
False
Suppose 23 = u + 77. Let x = -23 - u. Is x a composite number?
False
Suppose 2*u = 3*c + 659, -2*u = -u + 5*c - 362. Is u prime?
True
Is (57 - 2)/(6 + -5) a composite number?
True
Suppose t + b = 362, -3*t + 4*b + 512 = -574. Is t prime?
False
Suppose -8 + 78 = -5*p. Let r(q) = -q**3 - 15*q**2 - 18*q - 5. Is r(p) composite?
True
Let a(s) = -7*s + 10*s + 2*s**2 + 1 - s. Is a(-4) composite?
True
Let m(s) = 37*s + 7. Let l be m(3). Let j = l + 43. Is j prime?
False
Suppose -c = 0, -4*c - 74 = -3*l + 1273. Is l a composite number?
False
Suppose z + 6 = -0. Let a = -1 - z. Suppose -a*n + 4*c = -241, n - 3*c - 2*c - 44 = 0. Is n composite?
True
Let u = -471 + 964. Is u prime?
False
Let u(x) = -x + 6. Let k be u(3). Is (2/k)/((-10)/(-4785)) a composite number?
True
Suppose 3*r - 2777 = -4*p, -3*p + 2*r + 2086 = r. Is p a composite number?
True
Let s be (-3 + 33/6)*22. Suppose u + 5*o - 44 = 0, 4*o - 8 = -0*o. Let w = s - u. Is w a prime number?
False
Suppose 2*g - 3*g = -b + 328, 3*g - 641 = -2*b. Suppose 4*q - 2*a - 538 = 0, -4*q - b = 2*a - 851. Is q composite?
True
Suppose -z + 2*z = -200. Let m = -97 - z. Is m a composite number?
False
Suppose 0*u + 12 = 3*u. Suppose 4*l + 9 = -u*a + 1, a = 3*l - 10. Is (-25)/(-2) - l/(-4) composite?
False
Suppose t = 3 - 0. Is ((-12)/(-8))/(t/614) a prime number?
True
Let m(h) = h**2 + h + 7. Suppose 2*l - 4*l + 10 = 0. Is m(l) a composite number?
False
Suppose -g - 15 = -3. Is (-1)/(-3) - 1424/g composite?
True
Suppose -2*y + 5*y = -5*h, -2*h = 2*y + 4. Suppose 262 + 206 = -h*v. Let l = -103 - v. Is l composite?
False
Let h(j) = 2*j - 1. Let x be h(3). Suppose f - x = -2. Supp